ctors of u?
2, 541
Suppose 5*z = 5*l + 40, 4 = -z + 2*l - 4*l. Let k = z + 10. Suppose 0 = 5*o - 4*o - k. List the prime factors of o.
2, 7
Let w = 1615 - 374. List the prime factors of w.
17, 73
Suppose -6 = -3*b + 15. Suppose 6*p = b*p - 187. What are the prime factors of p?
11, 17
Let h = -16 - -18. Suppose -272 = -h*l - 2*l. List the prime factors of l.
2, 17
Let i = -95 - -99. What are the prime factors of (26/4)/((-126)/32 + i)?
2, 13
Suppose 36 = 2*w + 4*k - 88, 0 = 5*k - 5. What are the prime factors of w*(-3 + (-7)/(-2))?
2, 3, 5
Let t(o) = -3*o - 11. Let h be t(-5). Suppose -5*y - h*d + d + 25 = 0, -10 = -2*y - 5*d. Let j(v) = 2*v**2 - 2*v. List the prime factors of j(y).
2, 5
Suppose 0 = 3*x - 0 + 3, -5*x + 1 = i. Suppose 11*b = i*b + 5. Let c = b - -39. What are the prime factors of c?
2, 5
Let f(k) = -14*k + 34. Let y(j) = -14*j + 5. Let o be y(1). What are the prime factors of f(o)?
2, 5
Suppose 0 = -2*r - 4*u + 24, -4*r - 4*u = 3 - 35. Suppose 0 = 4*o + r, -76 = -5*v + 5*o - 11. Suppose -3*p + v = -21. List the prime factors of p.
11
Suppose 0 = 5*c - 4*y - 368, 0 = 2*y - 5*y + 9. Suppose -i = c - 180. What are the prime factors of i?
2, 13
Let w = 5843 + -2095. What are the prime factors of w?
2, 937
Suppose 0 = -5*x + u + 10, -3*u = 4*x - 3 - 5. Suppose -x*a + 3*l + 59 = -10, -5*a = -l - 179. List the prime factors of a.
2, 3
Let s = -217 + 27. Let j = s - -278. List the prime factors of j.
2, 11
Suppose -3*g + 924 = v + 2*v, 4*v - 5*g - 1250 = 0. Let y = -75 + v. What are the prime factors of y?
5, 47
Let k(a) = 366*a - 198. List the prime factors of k(4).
2, 3, 211
Let t(b) = 21 + 9*b**2 + 13*b - 22*b - 5. What are the prime factors of t(5)?
2, 7
Suppose z - 5*z = -6*z. Suppose 9*g - 113 - 148 = z. What are the prime factors of g?
29
Let o be 7845/105 + 4/14. Suppose -5*h + 25 = -o. List the prime factors of h.
2, 5
List the prime factors of 9030/(-56)*16/(-6).
2, 5, 43
Let m = 471 + -226. List the prime factors of m.
5, 7
Let z = 59 - 56. Suppose 2*o - 5 = a + 8, z*a = -3*o + 15. What are the prime factors of o?
2, 3
Let p(y) = -68*y + 10. Let b be p(-7). Suppose -b = -4*s + 2*z, 4*s + z - 255 = 234. What are the prime factors of s?
2, 61
Let i(c) = -c**3 - 7*c**2 - 8*c - 10. Let p = 10 + -17. Let q be i(p). Let x = 69 - q. List the prime factors of x.
23
Suppose -t - 28*v = -25*v - 3183, 5*v = 4*t - 12732. List the prime factors of t.
3, 1061
Suppose 12 = -4*r, 2*y - 4*y + 4815 = 3*r. List the prime factors of y.
2, 3, 67
Let k be (-1)/2 + (-180)/(-8). Let t = k + -19. Let x(w) = -w**3 + 5*w**2 - 4. List the prime factors of x(t).
2, 7
Suppose 3*w - 69*u = -66*u + 3705, 4*u = -w + 1230. What are the prime factors of w?
2, 617
Suppose -5*u + 4345 = -1580. List the prime factors of u.
3, 5, 79
Suppose -c - 17 = -4*p + 5*p, -3*c + 4*p - 37 = 0. Let y = 18 - c. What are the prime factors of y?
3, 11
Suppose 37 - 137 = n - w, 436 = -4*n - 5*w. Let j = 142 + n. What are the prime factors of j?
2, 19
Let r(h) = 10*h - 4. Let x be r(4). Let z be (-4)/(48/(-57))*x. Suppose -4*y = -y - z. List the prime factors of y.
3, 19
Suppose 5*c + 5*n - 222 = -22, 2*n + 10 = 0. Suppose -4*w + 3*j = -159, -c = -w - 0*j - j. List the prime factors of w.
2, 3, 7
Let o(r) = -r**2 - 8*r + 22. Let n(j) = -j - 5. Let g be n(5). Let m be o(g). List the prime factors of -23*3/(-6)*m.
23
Let f be 3 + (-2 + 23)/3. Suppose 3*l + 79 = 5*z + 16, z - 11 = l. Let m = z - f. List the prime factors of m.
5
Let m(o) = -1433*o + 121. List the prime factors of m(-1).
2, 3, 7, 37
Suppose 3*j + 23 = 68. Let z be 1 - 10/j*3. Let b(q) = -58*q**3 - 2*q**2 - 2*q - 1. List the prime factors of b(z).
3, 19
Let a be (-32)/10 + (-1)/(-5). What are the prime factors of (-1172)/(-15) + (-8)/(-180)*a?
2, 3, 13
Let v = -67 + 237. Suppose 2*k + n - v = 0, 4*k - 4*n - 346 = -9*n. What are the prime factors of k?
2, 3, 7
Let q = 1578 + -766. List the prime factors of q.
2, 7, 29
Suppose 5*c = -5*u + 7*c - 68, 3*u + 16 = -5*c. What are the prime factors of u/48 + -7*71/(-4)?
2, 31
Let a(r) be the third derivative of 0 + 5/24*r**4 + 0*r - 11*r**2 - 1/12*r**5 - 1/120*r**6 - 1/3*r**3. List the prime factors of a(-6).
2
Suppose 2*t - 87 = -15. Suppose -4*z - 60 = -z. Let j = t + z. List the prime factors of j.
2
Let v be (5 + -15)/(2/(-10)). Let b = -34 + v. Let q = b + -9. What are the prime factors of q?
7
Let o be (-4)/(-1) - -129 - -3. What are the prime factors of (-2)/(-2 + o/69)?
3, 23
List the prime factors of -5*(-7)/((-35)/(-4370)).
2, 5, 19, 23
Suppose 5*c + 2*d = 3620 + 2172, 1163 = c + 5*d. List the prime factors of c.
2, 3, 193
What are the prime factors of 1*(1/(-2))/((-9)/14706)?
19, 43
Let l(f) = 351*f**2 + 4*f - 5. List the prime factors of l(1).
2, 5, 7
Let a be (-3)/1 - 2 - -1. Let j be (6/a)/(2/44). Let z = j - -77. List the prime factors of z.
2, 11
Suppose -c = -2, 11*c = 2*f + 16*c - 2046. What are the prime factors of f?
2, 509
Suppose -9*u - 2*u = -1364. List the prime factors of u.
2, 31
What are the prime factors of -15*(-244)/(-6)*30/(-20)?
3, 5, 61
Let u(k) = k**3 - 5*k**2 - 4*k + 5. Let z be u(6). Suppose z*v - 148 = 13*v. What are the prime factors of v?
37
Let g be (7/4)/((-6)/(-120)). Let c = -50 + g. Let o = -13 - c. List the prime factors of o.
2
Suppose 3*x - 9*l = -6*l + 2247, 757 = x - 3*l. What are the prime factors of x?
5, 149
List the prime factors of (-6)/57 - 1980/(-38).
2, 13
List the prime factors of 29*15 + (79 - 86).
2, 107
Let z = 2004 + 301. What are the prime factors of z?
5, 461
Let h(x) = 68*x + 139. List the prime factors of h(17).
5, 7, 37
Suppose u - 162 = -s, -492 + 6 = -3*u - 5*s. What are the prime factors of u?
2, 3
Let k(u) = u**3 + 56*u**2 + 36*u - 131. What are the prime factors of k(-55)?
2, 457
List the prime factors of (676/(-4))/(2*2/(-8)).
2, 13
Let c(g) = g**2 + 3*g - 3. Let m(x) = -x**2 - 3*x + 4. Let o(b) = -3*c(b) - 4*m(b). Let l be (-38)/(-6) - 2/6. What are the prime factors of o(l)?
47
Suppose 2*v - 3*j = 6, 5*v + 0*j + 3*j + 6 = 0. Suppose v*r = 3*r - 744. List the prime factors of r.
2, 31
Suppose 56*r + 5*r - 137372 = 0. List the prime factors of r.
2, 563
Let z(t) be the second derivative of -t**5/20 - 3*t**4/2 + 2*t**3 - 6*t**2 - 18*t. What are the prime factors of z(-19)?
11
Suppose 5*t = -s - 17, -2*s = -3*s + t - 5. Let k = 45 + -31. What are the prime factors of 276/k + (-2)/s?
2, 5
Suppose 5*u - 2*w + 12 = 0, 2*u = -0*u + 4*w + 8. Let l be 7 + 1 + u + -2. What are the prime factors of (8/(-12))/(l/(-81))?
3
Suppose d + 5 = -5. Let f be (-8)/d*10/4. Suppose -f*n = -6*n + 44. List the prime factors of n.
11
What are the prime factors of ((-66)/(-15))/(26/5850)?
2, 3, 5, 11
Let f(s) = -s**2 + 2*s. Let h be f(6). Let b = h + 31. What are the prime factors of b?
7
Let y(j) = j**3 - 11*j**2 + 11*j. Let p be y(10). Suppose 2*g - 119 + 23 = 0. Suppose 0*o - 2*o - p = 0, 0 = 4*h + 4*o - g. List the prime factors of h.
17
Let y = 2685 - 1459. List the prime factors of y.
2, 613
Suppose 0 = -i - 3*r + 3, -3*i - 24 = -4*r + 19. Let p be 45/6*(-6)/i. Suppose -150 = -p*d - 5*f, 4 = d - f - 26. What are the prime factors of d?
2, 3, 5
Let p be 7 - ((-18 - 0)/(-3) + -4). Let x(u) = 2*u**2 + 7*u - 6. List the prime factors of x(p).
79
Suppose 6*x - 382 + 130 = 0. List the prime factors of x.
2, 3, 7
Let p = 362 - 20. List the prime factors of p.
2, 3, 19
Let u(j) = -6*j + 2. Let z(v) = -v + 1. Let a(o) = u(o) - 3*z(o). Let t be a(-1). Suppose t*k + 20 = 2*d, -2*d = -d + 3*k - 22. What are the prime factors of d?
13
Suppose k - 10 = 3*k. List the prime factors of 14/7 - 5/(k/8).
2, 5
Suppose 0*j + 3*v = j - 48, -5*j - 3*v + 204 = 0. What are the prime factors of (54/(-21))/((-2)/j)?
2, 3
Suppose -145 - 900 = -19*x. List the prime factors of x.
5, 11
Let y(o) = o**3 - 3*o**2 - 3*o - 1. Let p(n) = n**3 - 6*n**2 - 5*n - 9. Let i(f) = f + 12. Let w be i(-5). Let l be p(w). List the prime factors of y(l).
2, 17
Let l be 6/(-4)*(-12)/9*5. Let p = 49 - l. What are the prime factors of p?
3, 13
Suppose 96 - 319 = -s. Let p = s - 135. List the prime factors of p.
2, 11
Suppose -2*y + 1606 = 3*k - 0*k, -4*k - 2*y = -2142. Suppose -3*p + f = -k, 0 = -2*p + 3*f - 7*f + 348. List the prime factors of p.
2, 89
Let u = 359 + -32